 (1 + (-11 - -1) + 13).
-8
Calculate 5 + 4 + (-10 - -1 - -12).
12
What is the value of -186 + 198 - (-12 - (-4 - -8))?
28
0 - 6 - (5 + (3 - 9) - 5)
0
Calculate 11 + (-6 + 2 + 2 - (-9 - 4)).
22
12 + -12 + 8 + (0 - -4)
12
What is 6 - (-6 + (6 - -37) + 32 + -34)?
-29
5 - ((7 - 10 - -14) + -26)
20
What is -14 - -30 - (8 - -1) - (-1 - 4)?
12
Evaluate (-6 - 0) + (33 + -20 - 11).
-4
What is (25 - 34) + (-1 - -7) - 3?
-6
Evaluate 2 - (-11 - (2 - (-14 + 33))).
-4
0 + 11 + -27 - -5 - -4
-7
-13 + 50 + -15 - -10 - 1
31
Calculate 19 + (-20 - 12) - -17.
4
Evaluate -6 - -15 - (-1 + (0 - 3) + 8).
5
Calculate (6 - 1) + 3 + (23 - 18).
13
What is the value of -56 - -57 - (-14 + -7 - 9)?
31
Calculate (-2 - 0) + 19 + -24 + 19.
12
Evaluate -5 + (26 - 35) - -45.
31
Evaluate -1 + 1 + 4 + (67 - (-26 - -99)).
-2
What is -11 - (-17 + 27 + -14) - 17?
-24
What is the value of (4 - ((7 + 3 - -2) + 1)) + -8?
-17
Evaluate -1 + (-6 - (-4 + (2 - 4))) - -1.
0
Calculate (3 + -21 - -3) + 8 + 0 + -4.
-11
What is the value of 24 - 19 - (14 + -17)?
8
What is the value of 0 - ((-2 - 2) + 9 + (-1 - 1))?
-3
What is -4 + 23 + -11 + -12?
-4
What is (-2 - 5 - -5) + (1 - 9)?
-10
1 + 6 + 9 + (-12 - -2)
6
What is -24 + (21 - -3) - (4 + -1)?
-3
(-3 - 1) + (-3 + -16 + -11 - -8)
-26
Calculate 37 + (-12 - 18) + (-18 - 2).
-13
What is the value of 2 - -3 - (-161 - -172)?
-6
What is the value of (-196 - -194) + 0 + (-1 - -2)?
-1
What is the value of (4 - 10) + 173 + -197?
-30
Calculate (1 - -1) + -14 + 13.
1
What is the value of -8 + (8 - 20) + 7 + 1 + -1?
-13
What is the value of (3 - 1) + -3 - (-16 + (1 - -19))?
-5
What is -6 + -1 + 11 + -13?
-9
What is (227 - 225) + (-2 - (-1 + 1))?
0
What is the value of (30 - -6) + (-8 - 22)?
6
Evaluate -13 + -1 - (27 + -40) - 6.
-7
What is (-9 - -1 - (-19 + (-30 - -21))) + -4?
16
What is the value of (23 - 6) + -2 - ((1 - -2) + -13)?
25
(1 - (2 + 4)) + 42 + -37
0
Calculate 2 - (4 + 0 + 2) - 2.
-6
Evaluate -48 + 18 - (-54 + -4).
28
8 + (14 - (22 - 16)) - 41
-25
Calculate 4 + -1 + -1 + (4 + -15 - -14).
5
What is the value of -21 - ((3 + -20 - -11) + -2)?
-13
Calculate -9 - ((10 - 6) + -2 + -2).
-9
(-4 + 1 - (23 + -4 - 17)) + 6
1
1 + (27 - (-3 + 11 - 10)) + -7
23
Calculate -11 - (18 - (2 - -9 - -14)).
-4
Evaluate 7 - 18 - 0 - -3.
-8
2 - (-10 + (31 - (9 + -8)))
-18
What is (3 - (5 - 1 - 1)) + (1 - 14)?
-13
What is -2 + (-8 - -3) + (26 - 1) + -2?
16
Evaluate (-1 + 5 - -1) + (-12 - -11) - 8.
-4
What is the value of 33 + -37 + 7 + (9 - 0)?
12
What is (12 - -22) + -4 + -25?
5
(2 - 0) + (4 - 43) + 34
-3
(39 + -26 - (-1 + 2)) + -6
6
Evaluate 13 + (-25 - -9) + -23.
-26
-31 - (-28 - -35) - -27
-11
-11 - (-4 + 4) - (-83 + 57)
15
What is the value of (12 - -4 - 14) + 4 + 14?
20
Calculate -146 + 141 + (-3 + 6 - 6).
-8
What is 40 + -53 + -29 + 29?
-13
Calculate (0 - 10) + (1 - 1) + -14 + 19.
-5
Calculate 37 + -49 - (-2 + -15).
5
16 - (21 + -18 + 17)
-4
Evaluate 15 - (-14 - (4 - 53)).
-20
What is the value of 14 + -19 + -4 - 5?
-14
(-32 - (-45 - -3)) + 21
31
(-52 - -28 - -36) + -1
11
Evaluate -10 + (-2 - -9 - -5) - (2 - 11).
11
Calculate 31 - (4 + 15 + (-6 - 3)).
21
What is -11 - ((3 - 15) + -8)?
9
3 - (-6 + (-5 - (3 - 5)) + 6)
6
What is 16 - 14 - (-1 - -11)?
-8
Calculate -2 + 12 + 12 + (3 - 27).
-2
What is -11 + -17 - (-6 - 11)?
-11
17 + (-2 - (1 + -11) - 8)
17
What is -3 + 1 + -5 - (-613 + 613)?
-7
What is the value of -44 - ((-29 - 26) + -11)?
22
Evaluate 14 + (-61 - -8) - -33.
-6
(3 - (2 + 9 + -16)) + 10
18
(-11 - 3 - -1) + 5
-8
What is the value of -1 - (-5 + (-5 - -8) + -2)?
3
Evaluate -1 + (-11 - (11 + -27)).
4
What is (-41 - -37) + -16 - -3?
-17
(2 - -5) + (12 - 7) + (0 - 0)
12
Evaluate -23 + -13 - (-11 + -7).
-18
-3 - (4 - -1 - 12) - (-30 - -18)
16
Evaluate -2 + (17 - (-8 - -6)).
17
What is the value of -17 - 8 - -19 - 10?
-16
What is -5 + (-13 - -29) + (1 - 2 - 9)?
1
-3 + (-3 - -3) + -3 + -3 + 18
9
Calculate -7 + 10 + 23 + -23.
3
What is the value of 68 + (-1 - (-13 - -48))?
32
What is the value of 24 + (6 - 3 - 3) + 3 + -11?
16
What is the value of -33 - -28 - (-16 + (-1 - -2))?
10
What is the value of (-10 - 2) + -70 + 73?
-9
What is the value of -12 + -12 + (12 - -12) + (-1 - 6)?
-7
Calculate (-3 - 2) + (-13 - (-6 + -17)) + -12.
-7
-13 + (33 - 3) + -30
-13
(1 - -3) + -5 + (13 + -7 - 1)
4
Calculate 10 + -11 + 8 + -14.
-7
Calculate 8 - -1 - (24 + -17 + -28).
30
What is -5 - -5 - (3 + -10 + 21)?
-14
What is the value of (-14 - -1) + (-8 + 26 - -3)?
8
Evaluate 12 - (5 - 15 - -10).
12
What is 14 + (13 + -10 - 17)?
0
Calculate -7 - (-4 + -5 + 6 + 0).
-4
Calculate -36 - -19 - -16 - -15.
14
Evaluate (1 - 10) + -46 + 58 + 1 + -6.
-2
11 - (-6 + (3 - -12) - -1) - -5
6
Calculate 4 + 3 + -19 + (22 - 11).
-1
Evaluate (-17 - (-25 - -13)) + 6.
1
Evaluate 6 + (-2 - 4) + 51 + -32.
19
-11 + (11 - (-2 + 7) - (10 - 1))
-14
(-20 - -10) + (-9 + -4 - -55)
32
Evaluate 11 + -13 + 25 + -18 + -4.
1
Calculate -19 + (15 - -11) - -24.
31
12 + (7 - 0) + -23 + -15 + 24
5
Calculate 1 + 2 + (30 - 30 - -8).
11
Calculate (-12 + 6 - 11) + -52 + 56.
-13
Evaluate -1 + 8 + -5 - (14 - 9).
-3
What is (11 - (-14 + 15)) + -7?
3
What is (-3 - (0 + -6 - -11)) + 7?
-1
Evaluate 1 + 7 + -16 - 7.
-15
Calculate 7 + -1 - (2 - -17 - (-40 + 44)).
-9
What is -3 - (5 + 2 - 13)?
3
What is the value of -346 - -336 - (-18 - 1)?
9
Calculate -3 + 18 - (69 + -56).
2
Evaluate (-4 - -21 - 27) + -15.
-25
What is the value of (19 - -8) + -34 - -15?
8
What is 0 + (-14 - 0) + 1086 + -1079?
-7
What is (-193 - -199) + (-7 - -11 - (-1 + 2))?
9
What is 18 - (0 + 0 - (-242 + 228))?
4
What is -6 + (-14 - (-11 + 8 + -4))?
-13
-1 + 4 + -23 + (37 - 16)
1
13 + -6 + (-7 - -6) + -2
4
What is 10 - -3 - ((33 - 14) + -7)?
1
What is -24 - (13 - 33) - (0 - 18)?
14
What is the value of 101 + -97 - (3 - (5 + -1))?
5
3 + (-11 + 1 - (-111 - -110)) + -5
-11
(-4 - -4 - 15) + (5 - -4)
-6
Calculate (10 - 15) + -11 + 31 - 8.
7
-51 - -55 - (-2 - -23)
-17
(27 + -60 - -24) + 3
-6
Calculate -9 + 13 - (-3 - 0) - 1.
6
Calculate -12 + (1 - ((2 - -7) + -14)).
-6
Calculate -12 + 15 + -12 + -1 + 8.
-2
What is the value of 27 - 49 - -1 - 13?
-34
What is the value of 1 + -11 - (17 + -18 + -9)?
0
What is the value of 98 - 82 - (1 - (3 + -2 + -2))?
14
Calculate 3 - 0 - (37 + -52).
18
Evaluate (9 - (-4 + (-20 - -44))) + (0 - -7).
-4
-13 + (1 - (6 + -5 + 3)) + 2
-14
What is the value of 40 - 39 - (3 - (-6 + 1))?
-7
Calculate (13 - -13 - 9) + -17.
0
What is the value of -12 - 0 - ((-18 - -7) + 4 + 2)?
-7
38 - (37 + (12 - 25))
14
-6 + (7 - (0 - 6 - -13))
-6
What is the value of -11 + 12 + -14 - -6 - (-24 + 1)?
16
-2 - (-2 + 2 + -3) - -6
7
What is -1 + 0 - 7 - (-57 + 57)?
-8
Calculate (42 - 38) + 13 - (1 + 5).
11
-14 + 19 + -8 + -7
-10
4 - (-27 + -7 + -10 - -12)
36
Evaluate -14 + 25 - 8 - 11 - (-1 - 0).
-7
Evaluate -6 + (-2 + 6 + 9 - -1).
8
(-1 - 2) + -1 + (-5 - (7 + -9))
-7
2 + (-18 - (-14 - 17))
15
Calculate (0 - 1) + -7 + (54 - (62 + -21)).
5
What is 18 + -18 + -3 + -7 + (-14 - -21)?
-3
Evaluate (0 - (-8 + -1)) + 2.
11
Calculate -17 - -33 - (-7 + 11 + 1 + -1).
12
Evaluate (-4 - (-8 - (-22 + 0))) + 3.
-15
Evaluate -4 + 9 + 0 - -5.
10
What is -2 + 8 + -10 + 20 + 4?
20
Calculate 5 + (17 - -1) + -15.
8
What is (281 - 304) + (1 - -13)?
-9
What is 59 + -53 + 4 + -1 + -5 + 5?
9
-13 - (-41 - ((-9 - 9) + 7))
17
Calculate 0 + -22 - (331 + -334).
-19
Evaluate (16 - (25 - 14)) + -13.
-8
22 + 17 + (-42 - -3)
0
Evaluate -4 - (-29 + (9 - -9)).
7
What is 4 - (-4 + 13 - 5)?
0
-4 + -6 + 15 + -14 - (-47 - -13)
25
What is the value of -18 - -1 - (-2 + -12 - -10)?
-13
Evaluate -3 + (15 + -24 - ((-22 - -3) + 2)).
5
Calculate (3 - (9 - 14 - (-1 - 7))) + 0.
0
What is -36 - (13 + -22 + -15)?
-12
20 - ((-17 - -9) + 23)
5
(-1 - -15 - (-23 - -33)) + -13
-9
Evaluate 0 + 2 + 9 + -3 + -46 + 40.
2
(-20 - (-5 - 7)) + -1 + 30
21
3 + -19 + 2 + -9 + 10
-13
(46 + -36 - (19 + -4)) + 2 + 12
9
What is the value of -3 + -3 - -2 - (5 - 14)?
5
Evaluate -16 + (8 - (17 + -2)).
-23
What is (-10 + 0 - -17) + -9 + 4?
2
What is the value of (5 - 0) + 8 + -3 + -2 - 7?
1
Calculate 1 + 10 - (-128 + 139 - (7 + -2)).
5
0 + -9 + 13 + (6 - (27 - -1))
-18
What is the value of -7 - (-5 + 8 + -2) - 4?
-12
13 + (23 - 8) + 8 + -11
25
What is the value of (-25 - -6 - (-8 - -1)) + 4 + 8?
0
What is -2 + 5 + 20 + -21?
2
Evaluate 